composite?
True
Suppose 7*i = -44*i - 13*i + 4290752. Is i a composite number?
False
Suppose 8*s - 48*s + 1187600 = 0. Suppose -2*o + 59410 = 4*u, -2*u = 2*o + 2*o - s. Is u a prime number?
False
Suppose 3*s - 92987 = -2*y, -2*y - s = -4*s - 92969. Is y prime?
True
Let u(w) = w**3 + 8*w**2 + 5*w - 11. Let b be u(-7). Is ((-1)/b)/(4*6/(-573336)) prime?
True
Suppose -102*j - 71880 = -107*j. Let a = -5 - -3. Is a/8 - j/(-32) a composite number?
False
Suppose 0 = 5*o - h - 74096, -o = -5*o + 4*h + 59264. Suppose -2*s = -2*j - o, 5 = -4*j - j. Is s a prime number?
False
Suppose -30*r = -45*r + 55425. Is r composite?
True
Let g = -135 + 141. Suppose -g*r + 10 = -r, -2*x - 4*r = -5886. Is x a prime number?
True
Let x(q) = -q + 14*q**2 + 1 + 4*q - q**2 + 0*q. Let n be x(-1). Is n/((-165)/50)*-3 prime?
False
Suppose -30448 + 179883 = 14*x - 156899. Is x prime?
True
Let f(c) = 15*c**2 - 64*c + 133. Let y be f(34). Suppose 0 = 10*a - 11*a - 2*s + y, -45907 = -3*a - 2*s. Is a a composite number?
True
Let f = 33907 - 49432. Let g = -10112 - f. Is g composite?
False
Let l(g) = 2*g**2 + 59*g + 29. Let h be l(-29). Suppose 5*w = c - 11149, h = -2*w - w. Is c composite?
False
Let s(o) = 674*o**2 - 7*o + 51. Let t(m) = 336*m**2 - 3*m + 25. Let i(d) = -2*s(d) + 5*t(d). Is i(6) prime?
True
Suppose 8340513 + 5329062 = 75*q. Is q prime?
True
Let r(s) = -6*s**2 + 5*s + 14. Let z be r(8). Is -50671*(-2)/2 + z/55 a prime number?
False
Suppose 3*b + 5*p = 4, 2*b - 5*p + 9*p - 4 = 0. Is -1 + b - (-6023 + 9) a prime number?
True
Let u be 4653/(-2) - (-59)/118. Is (2 - (0 - -3))/(2/u) composite?
False
Suppose 18*x = 22*x - 108. Let c = x + -17. Is 2102/c + (-20)/(-25) composite?
False
Let w(l) = l**2 + 8*l - 97. Let b be w(7). Suppose -i + 40779 = b*i. Is i a prime number?
False
Let h(u) = 201 + 198 + 38*u - 416 + 33*u**2. Is h(20) prime?
False
Let k(f) = 3*f**3 + 15*f**2 - 33*f - 3. Let y be k(18). Suppose 32725 = 4*j - y. Is j a composite number?
True
Let c(w) = -3*w + 38. Suppose 60 = 5*m - l, 7 = m + l + 1. Let p be c(m). Suppose 306 + 89 = p*u. Is u composite?
False
Let w(a) = -292*a**2 + 13. Let l be ((-6)/(-5))/((-18)/60). Let c(s) = 293*s**2 - s - 14. Let v(x) = l*c(x) - 5*w(x). Is v(2) composite?
False
Suppose -5*o + 78 = k - 14, -5*k + 5*o = -340. Let l = k - 72. Suppose l = 4*h + b - 12345, 5*h = -0*h + b + 15420. Is h prime?
False
Let s = 210 - 202. Suppose 5*h = -3*k + 2092, -s*h + 1393 = 2*k - 5*h. Is k a composite number?
True
Suppose 307*l - 309*l = -8. Let v(b) = b + 4807. Let d be v(0). Suppose 2581 = l*s - d. Is s composite?
False
Suppose 0 = 1895*q - 1910*q + 1524255. Is q composite?
True
Is (59 - 65) + (364289/2)/((-4)/(-8)) composite?
True
Suppose -s + 2*z = -14451, 9611 = -s - 5*z + 24076. Suppose 2*i = -3*i + s. Suppose -2*m = -5*y - 1463, 0*m - i = -4*m + 3*y. Is m a composite number?
False
Suppose 90*o - 2*s + 6143594 = 92*o, o + 2*s - 3071805 = 0. Is o prime?
False
Let h be (-4 - 3 - -8)/((-2)/(-97262)). Suppose -15*f + 4*f = -h. Is f composite?
False
Is 49 + 4/14 + (-915)/(-105) a prime number?
False
Let a be -1*1 + -60 + 65. Is 10*(a/(-6))/(24/(-37242)) prime?
False
Let q(h) = -2*h**2 + 14*h + 3. Let b be q(6). Is (-90)/b - (-10942 + -1) prime?
True
Let f = 15023 + -14891. Suppose 3*d - 90 - 1914 = 0. Suppose 4*v + 4*p = d + f, 615 = 3*v - 2*p. Is v a prime number?
False
Let h(g) = -10*g - 104. Let s be h(-12). Suppose 0 = -i + 5*f + 1252, -1207 = -s*i + 15*i - 4*f. Is i prime?
False
Let q = 1211 + 2060. Is q prime?
True
Let l be (-90)/(-27)*(-6)/(-5). Let x(s) = s**3 - s**2 - 7*s - 7. Let v be x(l). Suppose 13854 = v*h - 7*h. Is h prime?
True
Let a = -19 + 5. Let o = 34 + a. Is 254/(48/o + -2) composite?
True
Suppose -2*g = -h - 5, -4*g + 5*h + 12 = h. Suppose 4*s + 25 = -z + 800, 0 = -z - g*s + 781. Is z a prime number?
True
Let w = -236 - -1107. Suppose -2*t = 3*v - w, 2*v - 2*t = -6*t + 570. Is v a prime number?
True
Let y(p) = -p - 17. Suppose -2*a - 40 = -2*f, 88 = -4*a - a + f. Let b be y(a). Suppose b = 4*t - 1560 - 604. Is t prime?
True
Is 5 + -2 + 9 + 128231 composite?
True
Let u(w) = -16*w + 33. Let b be u(-5). Let j = b + -107. Suppose -j*s + s = -24155. Is s a composite number?
False
Let q(b) = 24*b + 55*b + 6*b**2 + 104 - 7*b**2 + 6*b**2. Is q(-30) a prime number?
False
Let o(x) = -81*x + 6. Let b be o(5). Let h = -106 - b. Is h composite?
False
Let c = 507618 + -356149. Is c prime?
False
Let x(u) = u + 15. Let i be x(-6). Let d(p) = 3*p - 307*p**3 + 4 + 22*p**3 + 1 + 2*p**2 + i*p**3. Is d(-2) a composite number?
True
Let a = 10 + -25. Let r(v) = 2*v**2 + 52 + 6*v - 28 - 28 - 23*v. Is r(a) prime?
True
Is (-41493172)/(-60) - 12/(-40) - 2/12 a composite number?
False
Is (-5 + ((-624)/(-15))/8)*10784795 composite?
True
Let i = 6 + -1. Let t(u) = -165*u + 17. Let d(g) = -82*g + 8. Let c(b) = i*d(b) - 3*t(b). Is c(6) a composite number?
False
Is 10 + 18/(-2) + 190572/1 a composite number?
False
Let n(o) = 34*o**3 + 18*o**2 - 49*o - 9. Is n(12) a composite number?
True
Let c = 35096 - 1809. Is c composite?
False
Let t be ((-2)/3)/((-1)/1143). Let p be 9/1*t/9. Suppose 0 = -2*h - b + p, -h + 2*h = -4*b + 374. Is h a prime number?
False
Let s be (-4)/(-14) - -387*(-3)/21. Let q = 49 + s. Is (-8769)/q - (1 - (-1)/(-2)) prime?
False
Let q(r) = -4796*r - 1801. Is q(-5) a composite number?
True
Let d = 682942 + -380540. Is d composite?
True
Suppose 19*l + 20 = -2*a + 24*l, -4*a = -4*l + 16. Suppose -s + 363 = 2*b, 4*s + 4*b - 1468 = -a*b. Is s prime?
False
Suppose 3*h - 32 = -5*h. Suppose 12772 = 3*s - h*r, -s + 2*r - 3*r = -4255. Let w = s + -2193. Is w composite?
False
Let v(w) = 91 + 42*w + 54 + 306*w. Is v(9) a composite number?
True
Let x = -57 + 53. Let p(t) = 66*t**3 + 2*t + 7. Let b be p(x). Let v = 8334 + b. Is v a composite number?
True
Let a = 19893 - 5040. Is -1 + a + 7 - -7 composite?
True
Suppose -94601 - 139605 = -12*o + 5*o. Is o composite?
True
Suppose 0 = -0*z - z + 118. Suppose 8*g + 32 - 48 = 0. Suppose -i = 4*a - z, -218 = 4*i - 6*i - g*a. Is i a composite number?
True
Suppose 40991241 = 64*i + 85*i. Is i a composite number?
True
Suppose 61*q = 56*q + 990420. Suppose -7*d = -19*d + q. Is d a composite number?
True
Let p = -271 + 266. Is 0 - (p/(-4) - 2)*1916 a composite number?
True
Suppose -56 = -0*k - 7*k. Suppose k = 7*m - 13. Suppose -981 = -m*t + 696. Is t prime?
False
Suppose -6*l + 230*l - 9021676 = -1303308. Is l a prime number?
True
Let b(p) = 6701*p + 3998. Is b(51) a prime number?
True
Let s(p) = 87*p**3 - 5*p**2 + 5*p + 3. Let h be s(4). Suppose -h = -z - 0*c - c, -5*c = 15. Suppose -27*m + z = -21*m. Is m a composite number?
False
Let f(w) = 215*w**3 + 203*w**3 + 2*w + w - 1 - w**2. Let t = -248 - -249. Is f(t) a composite number?
False
Let r = 30367 - 15979. Suppose 4*u - 5*n = 18804, 3*u + 5*n - r = -285. Suppose 7*o = 5078 + u. Is o a composite number?
True
Let w be (-7)/21 - 395/3. Let z = -129 - w. Suppose -4937 = -z*u - 668. Is u prime?
True
Suppose 0 = u + 4, 0 = -3*n - n - 2*u - 2068. Let c(d) = -30*d**2 + 4*d + 4. Let v be c(5). Let k = n - v. Is k a composite number?
False
Let r be 0 + 1 + (3 - 0). Suppose -r*b + 144 = -0*b. Is (8 - 2)*3522/b a prime number?
True
Let x = 3653972 - 1885483. Is x prime?
False
Let z(u) be the first derivative of -145*u**4/12 - u**3/2 - 49*u**2/2 + 19. Let k(j) be the second derivative of z(j). Is k(-8) prime?
False
Is ((-12394)/11)/((-24)/132) a composite number?
False
Let l = 25325 - -47136. Is l prime?
True
Let k(f) = 89*f**2 - 8*f - 37. Let m be k(-5). Suppose 0 = 5*t - 16113 + m. Is t prime?
True
Suppose -152955 = -81*a + 66*a. Let y = a + 6424. Is y a composite number?
True
Let d = -66432 + 136339. Is d prime?
False
Suppose 0 = -2*g - 2*g - 492. Let l = g + 124. Is -179*(l + 0)*(-14)/14 a composite number?
False
Suppose -5*c + 15 = 20. Let s be c/((-58)/(-28) + -2). Let g(b) = -24*b - 27. Is g(s) a prime number?
False
Is 3 - ((183572571/35)/(-13) - 2/(-10)) a composite number?
True
Suppose 0 = -11*d - 5 - 50. Let c be 1 - (-3299 - -5 - d). Suppose -7*x + 3*x = 3*l - c, x + 5*l - 831 = 0. Is x a composite number?
False
Suppose -4*j - 230*j = -76775868. Is j a composite number?
True
Suppose 4*a = n + 244003, -37*a + 32*a + 305006 = n. Is a prime?
True
Let g(l)